{"id":12870,"date":"2025-12-04T15:59:34","date_gmt":"2025-12-04T18:59:34","guid":{"rendered":"https:\/\/loja.saudefarmadrogarias.com.br\/?post_type=product&#038;p=12870"},"modified":"2025-12-08T15:25:19","modified_gmt":"2025-12-08T18:25:19","slug":"dipirona-monoidratada-1g-10-comprimidos-natulab-generico","status":"publish","type":"product","link":"https:\/\/loja.saudefarmadrogarias.com.br\/index.php\/produto\/dipirona-monoidratada-1g-10-comprimidos-natulab-generico\/","title":{"rendered":"Dipirona Monoidratada 1g 10 comprimidos NATULAB Gen\u00e9rico"},"content":{"rendered":"<div id=\"product-about\" class=\"sc-d8a8b41-0 eqgffh\">\n<div class=\"sc-d8a8b41-1 iuJosH\">\n<div class=\"sc-d8a8b41-2 sc-d8a8b41-4 dYFUQf EhXrI\">\n<h2 class=\"sc-d8a8b41-3 iBVavT\">Descri\u00e7\u00e3o do produto<\/h2>\n<div data-testid=\"parser-script\">\n<h2>O que \u00e9 e para que serve o Dipirona Monoidratada 1G 10 Comprimidos Gen\u00e9rico?<\/h2>\n<p>A Dipirona \u00e9 um medicamento analg\u00e9sico e antit\u00e9rmico, composto por dipirona monoidratada, destinado ao tratamento de dor e febre.<\/p>\n<h2>Benef\u00edcios<\/h2>\n<ul>\n<li>Alivia dores de diferentes intensidades.<\/li>\n<li>Reduz rapidamente a febre.<\/li>\n<li>Apresenta\u00e7\u00e3o em comprimidos de f\u00e1cil administra\u00e7\u00e3o.<\/li>\n<li>Medicamento gen\u00e9rico com princ\u00edpio ativo eficaz.<\/li>\n<\/ul>\n<h2>Como usar a Dipirona Monoidratada 1G 10 Comprimidos Gen\u00e9rico?<\/h2>\n<ol>\n<li>Tomar os comprimidos com l\u00edquido (aproximadamente \u00bd a 1 copo).<\/li>\n<li>Ingerir os comprimidos por via oral.<\/li>\n<\/ol>\n<h2>Advert\u00eancias<\/h2>\n<ul>\n<li>N\u00e3o use este medicamento durante a gravidez.<\/li>\n<li>N\u00e3o use este medicamento em crian\u00e7as menores de tr\u00eas meses de idade.<\/li>\n<li>Se os sintomas persistirem, consulte um m\u00e9dico.<\/li>\n<\/ul>\n<\/div>\n<\/div>\n<div class=\"sc-d8a8b41-8 hnjwPY\">\n<div class=\"sc-d8a8b41-2 sc-d8a8b41-5 dYFUQf bmqqqh\">\n<div class=\"sc-d8a8b41-9 kQDQgE\">\n<p><i class=\"rdicon-microscope\"><\/i>Marca\u00a0<b><a title=\"Buscar produtos da marca Dipirona Sodica\" href=\"https:\/\/www.drogaraia.com.br\/search?w=dipirona+sodica\" target=\"_self\" rel=\"noopener noreferrer\">Dipirona Sodica<\/a><\/b><\/p>\n<\/div>\n<div class=\"sc-d8a8b41-9 kQDQgE\">\n<div class=\"rdicon-medicine-bottle\"><\/div>\n<p>Quantidade\u00a0<b>10 Comprimidos<\/b><\/p>\n<\/div>\n<div class=\"sc-d8a8b41-9 kQDQgE\">\n<p><i class=\"rdicon-test-tube\"><\/i>Princ\u00edpio Ativo\u00a0<b><a title=\"Buscar produtos com princ\u00edpio ativo Dipirona\" href=\"https:\/\/www.drogaraia.com.br\/search?w=dipirona\" target=\"_self\" rel=\"noopener noreferrer\">Dipirona<\/a><\/b><\/p>\n<\/div>\n<\/div>\n<div class=\"sc-d8a8b41-2 sc-d8a8b41-6 dYFUQf JpJZe\">\n<h2 class=\"sc-d8a8b41-3 iBVavT\">Caracter\u00edsticas<\/h2>\n<div class=\"sc-d8a8b41-7 jZJGba\">\n<div class=\"sc-d8a8b41-11 buvcfx\">C\u00f3digo do produto19062<\/div>\n<hr \/>\n<div class=\"sc-d8a8b41-11 buvcfx\">Fabricante NATULAB<\/div>\n<hr \/>\n<div class=\"sc-d8a8b41-11 buvcfx\">Registro MS1046503720031<\/div>\n<hr \/>\n<div class=\"sc-d8a8b41-11 buvcfx\">Dosagem1G<\/div>\n<\/div>\n<\/div>\n<div class=\"sc-d8a8b41-12 egVHeJ\"><\/div>\n<\/div>\n<\/div>\n<\/div>\n<section id=\"bula\" class=\"sc-fd1a9374-0 jEHXHD\">\n<div class=\"sc-fd1a9374-1 CajEG\">\n<h2 class=\"sc-fd1a9374-2 iTfahM\">Bula\u00a0Dipirona<\/h2>\n<p class=\"sc-fd1a9374-3 eWCZoO\">Princ\u00edpio Ativo:\u00a0Dipirona<\/p>\n<\/div>\n<\/section>\n","protected":false},"excerpt":{"rendered":"<ul>\n<li>Indicado para al\u00edvio de dores e febre.<\/li>\n<li>Medicamento \u00e0 base de dipirona monoidratada.<\/li>\n<li>Administra\u00e7\u00e3o oral com l\u00edquido.<\/li>\n<li>Consulte um m\u00e9dico se sintomas persistirem.<\/li>\n<\/ul>\n","protected":false},"featured_media":12889,"comment_status":"open","ping_status":"closed","template":"","meta":[],"product_brand":[136],"product_cat":[60,135],"product_tag":[],"class_list":{"0":"post-12870","1":"product","2":"type-product","3":"status-publish","4":"has-post-thumbnail","6":"product_brand-natulab","7":"product_cat-genericos","8":"product_cat-otc","10":"first","11":"instock","12":"shipping-taxable","13":"purchasable","14":"product-type-simple"},"_links":{"self":[{"href":"https:\/\/loja.saudefarmadrogarias.com.br\/index.php\/wp-json\/wp\/v2\/product\/12870","targetHints":{"allow":["GET"]}}],"collection":[{"href":"https:\/\/loja.saudefarmadrogarias.com.br\/index.php\/wp-json\/wp\/v2\/product"}],"about":[{"href":"https:\/\/loja.saudefarmadrogarias.com.br\/index.php\/wp-json\/wp\/v2\/types\/product"}],"replies":[{"embeddable":true,"href":"https:\/\/loja.saudefarmadrogarias.com.br\/index.php\/wp-json\/wp\/v2\/comments?post=12870"}],"wp:featuredmedia":[{"embeddable":true,"href":"https:\/\/loja.saudefarmadrogarias.com.br\/index.php\/wp-json\/wp\/v2\/media\/12889"}],"wp:attachment":[{"href":"https:\/\/loja.saudefarmadrogarias.com.br\/index.php\/wp-json\/wp\/v2\/media?parent=12870"}],"wp:term":[{"taxonomy":"product_brand","embeddable":true,"href":"https:\/\/loja.saudefarmadrogarias.com.br\/index.php\/wp-json\/wp\/v2\/product_brand?post=12870"},{"taxonomy":"product_cat","embeddable":true,"href":"https:\/\/loja.saudefarmadrogarias.com.br\/index.php\/wp-json\/wp\/v2\/product_cat?post=12870"},{"taxonomy":"product_tag","embeddable":true,"href":"https:\/\/loja.saudefarmadrogarias.com.br\/index.php\/wp-json\/wp\/v2\/product_tag?post=12870"}],"curies":[{"name":"wp","href":"https:\/\/api.w.org\/{rel}","templated":true}]}}